 = 27*w + 30*w + 57513. Let d = w + 2015. List the prime factors of d.
2, 503
Let a(q) = 13*q - 71*q + 105 - 128. Let c be a(-4). Suppose i - c = -3*l, 7*i + 3*l - 597 = 4*i. What are the prime factors of i?
2, 97
Let u = -49 - -51. Let x be ((-4)/(-4))/(u/1306). Let b = x - 455. List the prime factors of b.
2, 3, 11
Suppose -5*r - 423798 = -55*r + 497202. What are the prime factors of r?
2, 3, 5, 307
Let i(o) = o**2 - 22*o - 79. Let m be i(25). Let d(a) = -55*a - 76. What are the prime factors of d(m)?
2, 3
Let s(k) = -k**3 + k**2 + 220. Let z be s(0). Suppose -3*v + 20 = -4*f, -1 = 4*v + f + 4. Suppose v = 8*j - 3*j - z. List the prime factors of j.
2, 11
Let x(y) = y**2 + 329*y + 410. List the prime factors of x(107).
2, 23531
Let i(y) = -17 + 4 - 9 - 252*y - 5. List the prime factors of i(-2).
3, 53
Let w(y) = 472*y**2 - 21*y + 119. What are the prime factors of w(4)?
3, 281
Let g be 31*((-4 - 1) + 4). Let l = 27 + g. List the prime factors of 136/36 + l + 346/18.
19
Let a(o) = -64 + 310 + 7*o**2 - 2*o**2 - 28*o - 6*o. List the prime factors of a(9).
3, 5, 23
Let x = -685 - -1521. What are the prime factors of x?
2, 11, 19
Let k(n) = -30*n - 275. Let p(f) = -7*f - 40. Let l be p(-3). What are the prime factors of k(l)?
5, 59
Let k = 13284 - 8159. List the prime factors of k.
5, 41
Suppose -281843 - 616260 + 4343 = -98*h. List the prime factors of h.
2, 3, 5, 19
Let r(v) be the third derivative of 95*v**4/24 + v**3/6 + 4*v**2. Suppose u - h = 4, 5*h - 7 = -22. List the prime factors of r(u).
2, 3
Suppose -18*p = 4*d - 10*p - 13080, -16402 = -5*d + 3*p. What are the prime factors of d?
2, 11, 149
What are the prime factors of (-3301806)/278*1/(-3)*11?
11, 37, 107
Let x(s) = -6*s**2 + 5*s - 1. Let g(n) = -n**2 + 2. Let r(f) = -2*g(f) - x(f). List the prime factors of r(4).
3, 5, 7
What are the prime factors of (29124 - -55) + -21 + 1?
13, 2243
What are the prime factors of (-44)/242 - (-3)/(33/215800)?
2, 17, 577
Let x = -8 - -5. Let p(d) = d. Let f(z) = -z + 6. Let o(r) = x*p(r) + f(r). List the prime factors of o(-18).
2, 3, 13
Let b(y) = 6 + 7*y**2 + 40 - 1 + 3 - 5 + 112*y. List the prime factors of b(-22).
967
What are the prime factors of (6 + -14 - (0 + (-111)/15))*-1975?
3, 5, 79
Suppose 7 = 7*v - 7. List the prime factors of (-1412)/120*-22 + v/15.
7, 37
Let h(j) = 3*j - 2 + 22 - 2 - 5*j. Let f(a) = a**2 - 2*a - 44. Let w be f(6). What are the prime factors of h(w)?
2, 29
Let m(f) = -4656*f - 8140. What are the prime factors of m(-10)?
2, 5, 17, 113
Suppose -2*h = 418 - 2876. What are the prime factors of h?
1229
Suppose 3212 + 1594 = 3*j. What are the prime factors of (-5)/(10/(-4))*j/12?
3, 89
Let h = -42 - -55. Suppose -4619 - 542 = -h*x. Suppose -3*d + 3*j = -609, -3*d + j = -5*d + x. What are the prime factors of d?
2, 5
Let s(u) = u**2 - 14*u + 29. Suppose 2*j - 25 - 17 = 0. What are the prime factors of s(j)?
2, 11
Let r(b) = b**2 + 18*b - 338. Let l be r(-29). What are the prime factors of 1887/6 + l/38?
2, 157
What are the prime factors of 10/(-20) + ((-3)/(-8) - (-2306577)/392)?
2, 1471
Let t = -119 + 122. List the prime factors of 3/(t*5/(-10)) + 706.
2, 11
Suppose -23*u = -7*u. Let g(t) = t**2 - t + 307. List the prime factors of g(u).
307
Let b = 2102 + 18975. What are the prime factors of b?
7, 3011
Suppose -4*h = -2*m - 114, -2*m - 47 = -m + 3*h. Let k = m + 57. Suppose 25 = k*o - 27. What are the prime factors of o?
13
Suppose -5*d = 20, -5*u + 2*d + 135772 = -105841. What are the prime factors of u?
3, 7, 13, 59
Let u(j) be the third derivative of 2*j**5/15 + 9*j**4/8 - 25*j**3/6 + j**2 + 20. List the prime factors of u(9).
2, 433
Suppose -40*t + 41*t = 157. Suppose -445 = -4*m - m + 3*d, -2*m + t = 3*d. What are the prime factors of m - (-1 + 3*(-4)/(-12))?
2, 43
Suppose 3*i + 3642 = 3*o, 4*o + 3*i - 4948 = -92. Suppose -3*h - 2*h - x = -o, 5*h + 2*x = 1213. List the prime factors of h.
3
Suppose 2*l = 3*v - 2757, -1494 + 4236 = 3*v + 3*l. What are the prime factors of v?
7, 131
Suppose 76838 = 25*k + 45653 - 70515. List the prime factors of k.
2, 3, 113
Suppose 3*i - 117 - 75 = 0. Let r = i - 40. What are the prime factors of 1/(3 - 71/r)?
2, 3
Suppose -13*c = -375154 + 116285. Suppose -12*f + c = 2969. What are the prime factors of f?
2, 353
Suppose -g - 8 = 5*m + 2, 0 = -g - 2*m - 1. Suppose -g*v + 9 = -1. Suppose -4*d + 2*h - h + 787 = 0, v*d - 5*h = 371. What are the prime factors of d?
2, 3, 11
Suppose 0 = -6*i + 3*i - 744. Let y = -157 - i. Suppose -4*r + 222 + y = -o, -5*r + 398 = o. What are the prime factors of r?
79
Let f = -24 - -541. Let o = f + -233. List the prime factors of o.
2, 71
Suppose -f = 4*y - 21867, 2*f + 79*y - 43788 = 80*y. List the prime factors of f.
3, 7297
Suppose 4*x - 4*g = 0, -2*x - 4 = -4*g + 2. Suppose y = x*y + 5*w - 485, y = 2*w + 238. List the prime factors of y.
2, 3, 5
Let x(y) = 9961*y - 129. List the prime factors of x(2).
19793
Let d(a) be the first derivative of a**3/3 + 3*a**2/2 - 2*a - 3. Let i(j) = 6*j + 149. Let r be i(-26). List the prime factors of d(r).
2, 13
What are the prime factors of (1072/6)/((184/(-2496))/(-23))?
2, 13, 67
Let f = 734 + -732. Suppose 32*x + f*g = 31*x + 2032, -1 = g. List the prime factors of x.
2, 3, 113
Suppose -1003319 + 2641184 = 153*h. What are the prime factors of h?
5, 2141
Let y(v) be the second derivative of 17/4*v**4 + 0 - 2*v**2 - v**3 + 7*v. List the prime factors of y(-1).
53
Let i(q) = 71*q**3 - 2*q**2 - 6*q - 8. Let j be i(4). Suppose -2*a - 8*a = -j. List the prime factors of a.
2, 7
Let d(m) = m**3 + 37*m**2 + 2*m + 76. Let p be d(-37). Suppose -1902 = -4*j - 2*h, p*h + 353 + 583 = 2*j. What are the prime factors of j?
11, 43
Let p(g) = 25*g**2 + 226*g + 11. Let v be p(-9). Suppose -v*x = 2*q - 3048, -2*x + 4*x - 6092 = -4*q. What are the prime factors of q?
2, 761
Let s = 13367 - 8880. What are the prime factors of s?
7, 641
Let q = 514 + -497. Suppose 3*s + q*l - 1566 = 21*l, 0 = -3*l + 9. What are the prime factors of s?
2, 263
Suppose -101*z = -2597303 - 2020013. List the prime factors of z.
2, 11, 1039
Let h = 461 - 407. Suppose -i - n = -571, 51*i = h*i - n - 1693. What are the prime factors of i?
2, 283
Suppose -17*c = -220039 - 301436. List the prime factors of c.
3, 5, 409
Let h(w) = 1091*w + 2927. What are the prime factors of h(22)?
7, 3847
Suppose 0 = 5*t + 5*h - 53420, -141*t - 3*h + 53432 = -136*t. What are the prime factors of t?
2, 5, 1069
Let x = -37215 - -58369. What are the prime factors of x?
2, 7, 1511
Let f be (-8)/(-6) - (-156)/18. Let n = f - 79. What are the prime factors of (n + 9)*(1 - 2)?
2, 3, 5
Suppose 5*f - 998 = -2*b + 2612, 5*b = -f + 745. Let h = f - 430. List the prime factors of h.
2, 5, 29
Let z = -189 + 133. Let f be (-13472)/z + 8/(-14). Suppose 0 = -5*w + 9*w - f. List the prime factors of w.
2, 3, 5
Let c(i) be the first derivative of i**4/4 - 4*i**3/3 + 5*i**2/2 - 3*i - 3. Suppose 8*r + 81 = 129. List the prime factors of c(r).
3, 11
Suppose 2*c + 4*z = 22584, 9584 = 5*c + 4*z - 46894. List the prime factors of c.
2, 3, 7, 269
Suppose 2*o = 3*v, 0 = 3*o - 0*o + v - 11. Suppose 15 = 4*h + o. Suppose -4*f + 236 = h*g, 2*f - 5*g + 290 = 7*f. List the prime factors of f.
2, 31
Suppose -16*u + 27 = 4*u + 307. Suppose -4*r = 284 - 84. Let t = u - r. What are the prime factors of t?
2, 3
Suppose -4594153 - 11364269 = -314*b. What are the prime factors of b?
3, 5647
Let d be 164/12*201 + -3 + 5. Let y = d + -1953. List the prime factors of y.
2, 199
Let p = 281 - -11. Let c = p + 165. List the prime factors of c.
457
Let u(y) = 171*y**3 + 11*y**2 + 31*y - 46. List the prime factors of u(5).
3, 7253
Suppose -5901*z = -5913*z + 56064. List the prime factors of z.
2, 73
List the prime factors of 67436 - 2 - (6 - 10)*2/4.
2, 23, 733
Let l = -51 + 53. Suppose -15*j + 7683 = -l*j. What are the prime factors of j?
3, 197
Let p(q) = -5*q**2 + 254*q + 170. What are the prime factors of p(45)?
5, 59
Let j(a) = 2*a**3 - 31*a**2 - 171*a - 136. What are the prime factors of j(39)?
2, 32341
Let q = 17768 + 5188. What are the prime factors of q?
2, 3, 1913
Let q be 32/(-144) - (94/(-18) - -1). Suppose -a + 27 = -3*p, -2*a - 179 = -7*a + q*p. What are the prime factors of a?
3, 13
Let v be 216/(-10)*(18